{"id":25202,"date":"2026-03-14T15:57:41","date_gmt":"2024-06-20T12:06:39","guid":{"rendered":"https:\/\/www.saintfrancoislongchamp.com\/pois\/de-la-madeleine-a-la-grande-lechere-par-le-petit-bois-4-saint-francois-longchamp\/"},"modified":"2026-03-15T04:16:05","modified_gmt":"2026-03-15T03:16:05","slug":"de-la-madeleine-a-la-grande-lechere-par-le-petit-bois-4-saint-francois-longchamp","status":"publish","type":"pois","link":"https:\/\/www.saintfrancoislongchamp.com\/nl\/equipement\/de-la-madeleine-a-la-grande-lechere-par-le-petit-bois-4-saint-francois-longchamp\/","title":{"rendered":"De la Madeleine \u00e0 la Grande L\u00e9ch\u00e8re par le Petit Bois (4)"},"template":"","typeobjet":[2],"class_list":["post-25202","pois","type-pois","status-publish","hentry","typeobjet-equipement"],"acf":[],"_links":{"self":[{"href":"https:\/\/www.saintfrancoislongchamp.com\/nl\/wp-json\/wp\/v2\/pois\/25202","targetHints":{"allow":["GET"]}}],"collection":[{"href":"https:\/\/www.saintfrancoislongchamp.com\/nl\/wp-json\/wp\/v2\/pois"}],"about":[{"href":"https:\/\/www.saintfrancoislongchamp.com\/nl\/wp-json\/wp\/v2\/types\/pois"}],"wp:attachment":[{"href":"https:\/\/www.saintfrancoislongchamp.com\/nl\/wp-json\/wp\/v2\/media?parent=25202"}],"wp:term":[{"taxonomy":"typeobjet","embeddable":true,"href":"https:\/\/www.saintfrancoislongchamp.com\/nl\/wp-json\/wp\/v2\/typeobjet?post=25202"}],"curies":[{"name":"wp","href":"https:\/\/api.w.org\/{rel}","templated":true}]}}

De la Madeleine à la Grande Léchère par le Petit Bois (4)
