{"id":22855,"date":"2026-03-24T08:54:00","date_gmt":"2024-03-11T12:25:27","guid":{"rendered":"https:\/\/www.saintfrancoislongchamp.com\/pois\/montee-a-la-miniere-saint-georges-dhurtieres\/"},"modified":"2026-03-25T04:15:06","modified_gmt":"2026-03-25T03:15:06","slug":"montee-a-la-miniere-saint-georges-dhurtieres","status":"publish","type":"pois","link":"https:\/\/www.saintfrancoislongchamp.com\/nl\/equipement\/montee-a-la-miniere-saint-georges-dhurtieres\/","title":{"rendered":"Mont\u00e9e \u00e0 la mini\u00e8re"},"template":"","typeobjet":[2],"class_list":["post-22855","pois","type-pois","status-publish","hentry","typeobjet-equipement"],"acf":[],"_links":{"self":[{"href":"https:\/\/www.saintfrancoislongchamp.com\/nl\/wp-json\/wp\/v2\/pois\/22855","targetHints":{"allow":["GET"]}}],"collection":[{"href":"https:\/\/www.saintfrancoislongchamp.com\/nl\/wp-json\/wp\/v2\/pois"}],"about":[{"href":"https:\/\/www.saintfrancoislongchamp.com\/nl\/wp-json\/wp\/v2\/types\/pois"}],"wp:attachment":[{"href":"https:\/\/www.saintfrancoislongchamp.com\/nl\/wp-json\/wp\/v2\/media?parent=22855"}],"wp:term":[{"taxonomy":"typeobjet","embeddable":true,"href":"https:\/\/www.saintfrancoislongchamp.com\/nl\/wp-json\/wp\/v2\/typeobjet?post=22855"}],"curies":[{"name":"wp","href":"https:\/\/api.w.org\/{rel}","templated":true}]}}

Montée à la minière
