{"id":31318,"date":"2022-03-10T16:11:49","date_gmt":"2022-03-10T15:11:49","guid":{"rendered":"https:\/\/www.saintfrancoislongchamp.com\/station-de-ski-famille-et-bien-etre\/flocon-vert\/"},"modified":"2026-03-01T13:25:00","modified_gmt":"2026-03-01T12:25:00","slug":"flocon-vert","status":"publish","type":"page","link":"https:\/\/www.saintfrancoislongchamp.com\/nl\/label-certification-famille-plus-qualite-tourisme\/flocon-vert\/","title":{"rendered":"&#8220;Flocon Vert&#8221;"},"content":{"rendered":"<section class=\"ContenuTextuel container\">\n    <div class=\"ContenuTextuel-content\"><p style=\"text-align: center;\"><strong><img loading=\"lazy\" decoding=\"async\" class=\"wp-image-14260 aligncenter\" src=\"https:\/\/www.saintfrancoislongchamp.com\/content\/uploads\/2022\/03\/logo-flocon-vert-263x300.png\" alt=\"\" width=\"97\" height=\"111\" srcset=\"https:\/\/www.saintfrancoislongchamp.com\/content\/uploads\/2022\/03\/logo-flocon-vert-263x300.png 263w, https:\/\/www.saintfrancoislongchamp.com\/content\/uploads\/2022\/03\/logo-flocon-vert-898x1024.png 898w, https:\/\/www.saintfrancoislongchamp.com\/content\/uploads\/2022\/03\/logo-flocon-vert-768x876.png 768w, https:\/\/www.saintfrancoislongchamp.com\/content\/uploads\/2022\/03\/logo-flocon-vert-1347x1536.png 1347w, https:\/\/www.saintfrancoislongchamp.com\/content\/uploads\/2022\/03\/logo-flocon-vert-1796x2048.png 1796w, https:\/\/www.saintfrancoislongchamp.com\/content\/uploads\/2022\/03\/logo-flocon-vert-300x345.png 300w, https:\/\/www.saintfrancoislongchamp.com\/content\/uploads\/2022\/03\/logo-flocon-vert-70x80.png 70w, https:\/\/www.saintfrancoislongchamp.com\/content\/uploads\/2022\/03\/logo-flocon-vert-947x1080.png 947w, https:\/\/www.saintfrancoislongchamp.com\/content\/uploads\/2022\/03\/logo-flocon-vert-693x790.png 693w, https:\/\/www.saintfrancoislongchamp.com\/content\/uploads\/2022\/03\/logo-flocon-vert-877x1000.png 877w, https:\/\/www.saintfrancoislongchamp.com\/content\/uploads\/2022\/03\/logo-flocon-vert-631x720.png 631w, https:\/\/www.saintfrancoislongchamp.com\/content\/uploads\/2022\/03\/logo-flocon-vert-421x480.png 421w, https:\/\/www.saintfrancoislongchamp.com\/content\/uploads\/2022\/03\/logo-flocon-vert-39x45.png 39w, https:\/\/www.saintfrancoislongchamp.com\/content\/uploads\/2022\/03\/logo-flocon-vert.png 1916w\" sizes=\"auto, (max-width: 97px) 100vw, 97px\" \/> <\/strong><\/p>\n<p style=\"text-align: center;\"><strong>Saint-Fran\u00e7ois-Longchamp bekroond met het label Flocon Vert<\/strong><\/p>\n<p style=\"text-align: center;\">Saint-Fran\u00e7ois-Longchamp is de 12e bestemming geworden die het label Flocon Vert heeft ontvangen (de 3e in de Savoie). Het dossier werd gedragen door een dynamisch gemeenteteam en ge\u00ebngageerde lokale partners. Flocon Vert is een initiatief dat de duurzame inzet van bergbestemmingen op het vlak van milieu- en sociale vraagstukken garandeert.<\/p>\n<\/div>\n    <\/section>\n\n\n<section class=\"ColonnesTextImg container \">\n        <picture class=\"ColonnesTextImg-picture __fadeLeft\">\n        <img decoding=\"async\" class=\"ColonnesTextImg-img\" src=\"https:\/\/www.saintfrancoislongchamp.com\/content\/uploads\/2022\/03\/WhatsApp-Image-2022-02-25-390x570.jpg\" alt=\"WhatsApp Image 2022-02-25\"\/>\n    <\/picture>\n        <div class=\"ColonnesTextImg-content\"><p><strong>EEN BURGERLIJKE MOBILISATIE<\/strong><\/p>\n<p>Saint-Fran\u00e7ois-Longchamp is een bestemming die de tijd heeft genomen om verschillende perspectieven te integreren in haar transitieproject. Er is veel energie gestoken in het opzetten van werkgroepen rond de verschillende domeinen van de transitie. Technici, verkozen vertegenwoordigers, directieleden, verenigingen, economische actoren, maar ook inwoners en burgers komen regelmatig samen om gezamenlijk de oplossingen van morgen vorm te geven.<\/p>\n<\/div>\n<\/section>\n\n\n<section class=\"ColonnesTextImg container reverse\">\n        <picture class=\"ColonnesTextImg-picture __fadeRight\">\n        <img decoding=\"async\" class=\"ColonnesTextImg-img\" src=\"https:\/\/www.saintfrancoislongchamp.com\/content\/uploads\/2022\/03\/APernet-OTSFL-6698-390x570.jpg\" alt=\"activit\u00e9s phares \u00e9t\u00e9 saint fran\u00e7ois longchamp\"\/>\n    <\/picture>\n        <div class=\"ColonnesTextImg-content\"><p><strong>EEN PARADIJS VOOR 4 SEIZOENEN<\/strong><\/p>\n<p>Met sterk groeiende mountainbike-activiteiten, vernieuwde wandelpaden, speelzones en speciale ruimtes voor wellnessactiviteiten zet Saint-Fran\u00e7ois-Longchamp volop in op de diversificatie van haar toeristisch aanbod.<\/p>\n<p>Door ook een aanbod voor telewerken uit te rollen, wil de bestemming nieuwe doelgroepen aantrekken en haar aantrekkingskracht het hele jaar door vergroten \u2014 zowel voor thuiswerkers als voor hun gezinnen.<\/p>\n<\/div>\n<\/section>\n\n\n<section class=\"ColonnesTextImg container \">\n        <picture class=\"ColonnesTextImg-picture __fadeLeft\">\n        <img decoding=\"async\" class=\"ColonnesTextImg-img\" src=\"https:\/\/www.saintfrancoislongchamp.com\/content\/uploads\/2022\/03\/SFL-Tourisme-390x570.jpg\" alt=\"SFL Tourisme\"\/>\n    <\/picture>\n        <div class=\"ColonnesTextImg-content\"><p><strong>EEN \u201cFAMILIEVRIENDELIJKE\u201d BESTEMMING<\/strong><\/p>\n<p>De bestemming beschikt over het label Famille +, wat garandeert dat tal van diensten, voorzieningen en faciliteiten speciaal zijn afgestemd op gezinnen \u2014 zowel voor korte verblijven als voor een verblijf het hele jaar door. Kinderopvang, de \u201cPetits Montagnards\u201d-hoek om binnen te spelen, een picknickruimte, leeshoekjes, kleine animaties en grote festivals die aangepast zijn aan alle leeftijden.<\/p>\n<\/div>\n<\/section>\n\n\n<section class=\"ColonnesTextImg container reverse\">\n        <picture class=\"ColonnesTextImg-picture __fadeRight\">\n        <img decoding=\"async\" class=\"ColonnesTextImg-img\" src=\"https:\/\/www.saintfrancoislongchamp.com\/content\/uploads\/2022\/03\/centrale-2-390x570.jpg\" alt=\"centrale-2\"\/>\n    <\/picture>\n        <div class=\"ColonnesTextImg-content\"><p><strong>ENERGIE EN MOBILITEIT, TWEE BESLISSENDE FACTOREN<\/strong><\/p>\n<p>Saint-Fran\u00e7ois-Longchamp heeft het geluk op haar grondgebied over een waterloop te beschikken met een voldoende debiet om elektriciteit te produceren via een micro-waterkrachtcentrale.<\/p>\n<p>Mobiliteit is eveneens een grote uitdaging en is gemiddeld verantwoordelijk voor 57% van de uitstoot van een skistation! Saint-Fran\u00e7ois-Longchamp gaat deze uitdaging aan met de app Tictactrip, waarmee in slechts enkele klikken intermodaal reizen naar en binnen de bestemming wordt gestimuleerd (onder andere TGV + shuttlebus).<\/p>\n<p>Reis je met carpooling? Dan geniet je van 10% korting op partneractiviteiten!<\/p>\n<\/div>\n<\/section>\n\n\n<section class=\"ColonnesTextImg container \">\n        <picture class=\"ColonnesTextImg-picture __fadeLeft\">\n        <img decoding=\"async\" class=\"ColonnesTextImg-img\" src=\"https:\/\/www.saintfrancoislongchamp.com\/content\/uploads\/2022\/03\/SFL_2022_Marie-Pingault_DSC_0157-390x570.jpg\" alt=\"SFL_2022_Marie Pingault_DSC_0157\"\/>\n    <\/picture>\n        <div class=\"ColonnesTextImg-content\"><p><strong>EEN BETROKKEN SKIGEBIED<\/strong><\/p>\n<p><strong>Milieuvriendelijk prepareren van de pistes:<\/strong> 100% van de medewerkers van Saint-Fran\u00e7ois-Longchamp is opgeleid in ecologisch rijden en we hebben bovendien de pistebreedte buiten de schoolvakanties verminderd. Deze maatregelen hebben geleid tot een daling van het brandstofverbruik met 20%.<\/p>\n<p><strong>Behoud van onze biodiversiteit:<\/strong> 2.300 hectare van het skigebied werd opnieuw ingezaaid met inheemse zaden. Daarnaast zijn beschermingszones voor het korhoen afgebakend op het skigebied, om wintersporters bewust te maken van de mogelijke impact van hun passage op deze kwetsbare soort.<\/p>\n<\/div>\n<\/section>\n\n\n<section class=\"Image container __fadeDown\">\n    <picture class=\"Image-picture\">\n                    <img decoding=\"async\" class=\"Image-img\" src=\"https:\/\/www.saintfrancoislongchamp.com\/content\/uploads\/2022\/03\/INFOGRAPHIE-FLOCON-VERT.jpg\" alt=\"INFOGRAPHIE FLOCON VERT\"\/>\n            <\/picture>\n<\/section>","protected":false},"excerpt":{"rendered":"","protected":false},"author":9,"featured_media":23269,"parent":7857,"menu_order":0,"comment_status":"closed","ping_status":"closed","template":"","meta":{"_acf_changed":false,"footnotes":""},"class_list":["post-31318","page","type-page","status-publish","has-post-thumbnail","hentry"],"acf":[],"_links":{"self":[{"href":"https:\/\/www.saintfrancoislongchamp.com\/nl\/wp-json\/wp\/v2\/pages\/31318","targetHints":{"allow":["GET"]}}],"collection":[{"href":"https:\/\/www.saintfrancoislongchamp.com\/nl\/wp-json\/wp\/v2\/pages"}],"about":[{"href":"https:\/\/www.saintfrancoislongchamp.com\/nl\/wp-json\/wp\/v2\/types\/page"}],"author":[{"embeddable":true,"href":"https:\/\/www.saintfrancoislongchamp.com\/nl\/wp-json\/wp\/v2\/users\/9"}],"replies":[{"embeddable":true,"href":"https:\/\/www.saintfrancoislongchamp.com\/nl\/wp-json\/wp\/v2\/comments?post=31318"}],"version-history":[{"count":2,"href":"https:\/\/www.saintfrancoislongchamp.com\/nl\/wp-json\/wp\/v2\/pages\/31318\/revisions"}],"predecessor-version":[{"id":31423,"href":"https:\/\/www.saintfrancoislongchamp.com\/nl\/wp-json\/wp\/v2\/pages\/31318\/revisions\/31423"}],"up":[{"embeddable":true,"href":"https:\/\/www.saintfrancoislongchamp.com\/nl\/wp-json\/wp\/v2\/pages\/7857"}],"wp:featuredmedia":[{"embeddable":true,"href":"https:\/\/www.saintfrancoislongchamp.com\/nl\/wp-json\/wp\/v2\/media\/23269"}],"wp:attachment":[{"href":"https:\/\/www.saintfrancoislongchamp.com\/nl\/wp-json\/wp\/v2\/media?parent=31318"}],"curies":[{"name":"wp","href":"https:\/\/api.w.org\/{rel}","templated":true}]}}

<section class="ContenuTextuel container">
    <div class="ContenuTextuel-content"><p style="text-align: center;"><strong><img loading="lazy" decoding="async" class="wp-image-14260 aligncenter" src="https://www.saintfrancoislongchamp.com/content/uploads/2022/03/logo-flocon-vert-263x300.png" alt="" width="97" height="111" srcset="https://www.saintfrancoislongchamp.com/content/uploads/2022/03/logo-flocon-vert-263x300.png 263w, https://www.saintfrancoislongchamp.com/content/uploads/2022/03/logo-flocon-vert-898x1024.png 898w, https://www.saintfrancoislongchamp.com/content/uploads/2022/03/logo-flocon-vert-768x876.png 768w, https://www.saintfrancoislongchamp.com/content/uploads/2022/03/logo-flocon-vert-1347x1536.png 1347w, https://www.saintfrancoislongchamp.com/content/uploads/2022/03/logo-flocon-vert-1796x2048.png 1796w, https://www.saintfrancoislongchamp.com/content/uploads/2022/03/logo-flocon-vert-300x345.png 300w, https://www.saintfrancoislongchamp.com/content/uploads/2022/03/logo-flocon-vert-70x80.png 70w, https://www.saintfrancoislongchamp.com/content/uploads/2022/03/logo-flocon-vert-947x1080.png 947w, https://www.saintfrancoislongchamp.com/content/uploads/2022/03/logo-flocon-vert-693x790.png 693w, https://www.saintfrancoislongchamp.com/content/uploads/2022/03/logo-flocon-vert-877x1000.png 877w, https://www.saintfrancoislongchamp.com/content/uploads/2022/03/logo-flocon-vert-631x720.png 631w, https://www.saintfrancoislongchamp.com/content/uploads/2022/03/logo-flocon-vert-421x480.png 421w, https://www.saintfrancoislongchamp.com/content/uploads/2022/03/logo-flocon-vert-39x45.png 39w, https://www.saintfrancoislongchamp.com/content/uploads/2022/03/logo-flocon-vert.png 1916w" sizes="auto, (max-width: 97px) 100vw, 97px" /> </strong></p>
<p style="text-align: center;"><strong>Saint-François-Longchamp bekroond met het label Flocon Vert</strong></p>
<p style="text-align: center;">Saint-François-Longchamp is de 12e bestemming geworden die het label Flocon Vert heeft ontvangen (de 3e in de Savoie). Het dossier werd gedragen door een dynamisch gemeenteteam en geëngageerde lokale partners. Flocon Vert is een initiatief dat de duurzame inzet van bergbestemmingen op het vlak van milieu- en sociale vraagstukken garandeert.</p>
</div>
    </section>


<section class="ColonnesTextImg container ">
        <picture class="ColonnesTextImg-picture __fadeLeft">
        <img decoding="async" class="ColonnesTextImg-img" src="https://www.saintfrancoislongchamp.com/content/uploads/2022/03/WhatsApp-Image-2022-02-25-390x570.jpg" alt="WhatsApp Image 2022-02-25"/>
    </picture>
        <div class="ColonnesTextImg-content"><p><strong>EEN BURGERLIJKE MOBILISATIE</strong></p>
<p>Saint-François-Longchamp is een bestemming die de tijd heeft genomen om verschillende perspectieven te integreren in haar transitieproject. Er is veel energie gestoken in het opzetten van werkgroepen rond de verschillende domeinen van de transitie. Technici, verkozen vertegenwoordigers, directieleden, verenigingen, economische actoren, maar ook inwoners en burgers komen regelmatig samen om gezamenlijk de oplossingen van morgen vorm te geven.</p>
</div>
</section>


<section class="ColonnesTextImg container reverse">
        <picture class="ColonnesTextImg-picture __fadeRight">
        <img decoding="async" class="ColonnesTextImg-img" src="https://www.saintfrancoislongchamp.com/content/uploads/2022/03/APernet-OTSFL-6698-390x570.jpg" alt="activités phares été saint françois longchamp"/>
    </picture>
        <div class="ColonnesTextImg-content"><p><strong>EEN PARADIJS VOOR 4 SEIZOENEN</strong></p>
<p>Met sterk groeiende mountainbike-activiteiten, vernieuwde wandelpaden, speelzones en speciale ruimtes voor wellnessactiviteiten zet Saint-François-Longchamp volop in op de diversificatie van haar toeristisch aanbod.</p>
<p>Door ook een aanbod voor telewerken uit te rollen, wil de bestemming nieuwe doelgroepen aantrekken en haar aantrekkingskracht het hele jaar door vergroten — zowel voor thuiswerkers als voor hun gezinnen.</p>
</div>
</section>


<section class="ColonnesTextImg container ">
        <picture class="ColonnesTextImg-picture __fadeLeft">
        <img decoding="async" class="ColonnesTextImg-img" src="https://www.saintfrancoislongchamp.com/content/uploads/2022/03/SFL-Tourisme-390x570.jpg" alt="SFL Tourisme"/>
    </picture>
        <div class="ColonnesTextImg-content"><p><strong>EEN “FAMILIEVRIENDELIJKE” BESTEMMING</strong></p>
<p>De bestemming beschikt over het label Famille +, wat garandeert dat tal van diensten, voorzieningen en faciliteiten speciaal zijn afgestemd op gezinnen — zowel voor korte verblijven als voor een verblijf het hele jaar door. Kinderopvang, de “Petits Montagnards”-hoek om binnen te spelen, een picknickruimte, leeshoekjes, kleine animaties en grote festivals die aangepast zijn aan alle leeftijden.</p>
</div>
</section>


<section class="ColonnesTextImg container reverse">
        <picture class="ColonnesTextImg-picture __fadeRight">
        <img decoding="async" class="ColonnesTextImg-img" src="https://www.saintfrancoislongchamp.com/content/uploads/2022/03/centrale-2-390x570.jpg" alt="centrale-2"/>
    </picture>
        <div class="ColonnesTextImg-content"><p><strong>ENERGIE EN MOBILITEIT, TWEE BESLISSENDE FACTOREN</strong></p>
<p>Saint-François-Longchamp heeft het geluk op haar grondgebied over een waterloop te beschikken met een voldoende debiet om elektriciteit te produceren via een micro-waterkrachtcentrale.</p>
<p>Mobiliteit is eveneens een grote uitdaging en is gemiddeld verantwoordelijk voor 57% van de uitstoot van een skistation! Saint-François-Longchamp gaat deze uitdaging aan met de app Tictactrip, waarmee in slechts enkele klikken intermodaal reizen naar en binnen de bestemming wordt gestimuleerd (onder andere TGV + shuttlebus).</p>
<p>Reis je met carpooling? Dan geniet je van 10% korting op partneractiviteiten!</p>
</div>
</section>


<section class="ColonnesTextImg container ">
        <picture class="ColonnesTextImg-picture __fadeLeft">
        <img decoding="async" class="ColonnesTextImg-img" src="https://www.saintfrancoislongchamp.com/content/uploads/2022/03/SFL_2022_Marie-Pingault_DSC_0157-390x570.jpg" alt="SFL_2022_Marie Pingault_DSC_0157"/>
    </picture>
        <div class="ColonnesTextImg-content"><p><strong>EEN BETROKKEN SKIGEBIED</strong></p>
<p><strong>Milieuvriendelijk prepareren van de pistes:</strong> 100% van de medewerkers van Saint-François-Longchamp is opgeleid in ecologisch rijden en we hebben bovendien de pistebreedte buiten de schoolvakanties verminderd. Deze maatregelen hebben geleid tot een daling van het brandstofverbruik met 20%.</p>
<p><strong>Behoud van onze biodiversiteit:</strong> 2.300 hectare van het skigebied werd opnieuw ingezaaid met inheemse zaden. Daarnaast zijn beschermingszones voor het korhoen afgebakend op het skigebied, om wintersporters bewust te maken van de mogelijke impact van hun passage op deze kwetsbare soort.</p>
</div>
</section>


<section class="Image container __fadeDown">
    <picture class="Image-picture">
                    <img decoding="async" class="Image-img" src="https://www.saintfrancoislongchamp.com/content/uploads/2022/03/INFOGRAPHIE-FLOCON-VERT.jpg" alt="INFOGRAPHIE FLOCON VERT"/>
            </picture>
</section>
